463.
468463
What are the prime factors of 2377850?
2, 5, 19, 2503
List the prime factors of 458019.
3, 50891
What are the prime factors of 1710478?
2, 7, 11, 29, 383
List the prime factors of 9083070.
2, 3, 5, 33641
List the prime factors of 322815.
3, 5, 21521
What are the prime factors of 4390166?
2, 11, 431, 463
What are the prime factors of 7647932?
2, 107, 167
List the prime factors of 1491781.
71, 21011
What are the prime factors of 620374?
2, 310187
What are the prime factors of 298945?
5, 17, 3517
List the prime factors of 104744.
2, 13093
What are the prime factors of 739729?
43, 17203
What are the prime factors of 3752017?
3752017
List the prime factors of 12951663.
3, 53, 81457
What are the prime factors of 859423?
859423
List the prime factors of 310250.
2, 5, 17, 73
List the prime factors of 14150377.
89, 158993
List the prime factors of 6841036.
2, 919, 1861
List the prime factors of 262941.
3, 7, 19, 659
List the prime factors of 229431.
3, 31, 2467
What are the prime factors of 890791?
11, 47, 1723
What are the prime factors of 6163509?
3, 11, 186773
What are the prime factors of 6284690?
2, 5, 179, 3511
List the prime factors of 5096737.
5096737
What are the prime factors of 6548839?
11, 47, 53, 239
What are the prime factors of 34841?
34841
What are the prime factors of 6036168?
2, 3, 43, 5849
List the prime factors of 1740726.
2, 3, 13, 43, 173
What are the prime factors of 219078?
2, 3, 4057
What are the prime factors of 35594035?
5, 7118807
What are the prime factors of 293296?
2, 23, 797
List the prime factors of 7793642.
2, 23, 169427
List the prime factors of 24507874.
2, 12253937
List the prime factors of 19708540.
2, 5, 73, 13499
What are the prime factors of 175002?
2, 3, 29167
List the prime factors of 9365349.
3, 7, 445969
What are the prime factors of 263635?
5, 52727
What are the prime factors of 6273103?
751, 8353
List the prime factors of 1396756.
2, 29, 12041
What are the prime factors of 67419?
3, 11, 227
List the prime factors of 4177.
4177
What are the prime factors of 6865377?
3, 1301, 1759
What are the prime factors of 73235?
5, 97, 151
List the prime factors of 675539.
675539
List the prime factors of 1808813.
1808813
List the prime factors of 11214490.
2, 5, 7, 160207
List the prime factors of 12560770.
2, 5, 29, 43313
What are the prime factors of 1327958?
2, 663979
List the prime factors of 45026.
2, 47, 479
List the prime factors of 1521042.
2, 3, 253507
List the prime factors of 9813753.
3, 353, 3089
List the prime factors of 478445.
5, 11, 8699
List the prime factors of 134139.
3, 61, 733
List the prime factors of 16729235.
5, 3345847
What are the prime factors of 7161014?
2, 7, 47, 10883
What are the prime factors of 1365229?
307, 4447
List the prime factors of 1485609.
3, 101, 4903
List the prime factors of 1835241.
3, 461, 1327
What are the prime factors of 650839?
7, 109, 853
What are the prime factors of 841012?
2, 167, 1259
List the prime factors of 11604130.
2, 5, 1160413
List the prime factors of 20216803.
61, 331423
List the prime factors of 1905253.
7, 272179
List the prime factors of 1225900.
2, 5, 13, 23, 41
List the prime factors of 1352943.
3, 16703
What are the prime factors of 6495805?
5, 113, 11497
List the prime factors of 959226.
2, 3, 159871
List the prime factors of 366827.
23, 41, 389
List the prime factors of 84167.
17, 4951
List the prime factors of 11359105.
5, 2271821
What are the prime factors of 776005?
5, 155201
List the prime factors of 2145364.
2, 13, 41257
What are the prime factors of 445335?
3, 5, 11, 2699
List the prime factors of 1401818.
2, 11, 63719
List the prime factors of 4640757.
3, 11, 140629
What are the prime factors of 391954?
2, 195977
What are the prime factors of 6014672?
2, 167, 2251
What are the prime factors of 909071?
909071
What are the prime factors of 227605?
5, 7, 929
List the prime factors of 13486201.
97, 139033
List the prime factors of 225256.
2, 37, 761
What are the prime factors of 1612084?
2, 467, 863
What are the prime factors of 19054823?
271, 70313
What are the prime factors of 8470069?
8470069
List the prime factors of 6071017.
6071017
List the prime factors of 82930.
2, 5, 8293
List the prime factors of 855090.
2, 3, 5, 3167
List the prime factors of 796828.
2, 199207
What are the prime factors of 371140?
2, 5, 7, 11, 241
List the prime factors of 182139.
3, 109, 557
List the prime factors of 421798.
2, 13, 16223
List the prime factors of 955219.
53, 67, 269
List the prime factors of 108144.
2, 3, 751
What are the prime factors of 2541008?
2, 31, 47, 109
What are the prime factors of 580181?
7, 82883
List the prime factors of 2362606.
2, 23, 51361
List the prime factors of 6515550.
2, 3, 5, 14479
What are the prime factors of 2062562?
2, 1031281
What are the prime factors of 44479461?
3, 13, 479, 2381
List the prime factors of 35347702.
2, 13, 104579
What are the prime factors of 294377?
23, 12799
What are the prime factors of 744188?
2, 23, 8089
What are the prime factors of 16588286?
2, 11, 13, 31, 1871
What are the prime factors of 231233?
79, 2927
What are the prime factors of 130212?
2, 3, 3617
List the prime factors of 188708.
2, 13, 19, 191
List the prime factors of 19004.
2, 4751
What are the prime factors of 4938911?
53, 93187
List the prime factors of 25484.
2, 23, 277
List the prime factors of 5462893.
701, 7793
What are the prime factors of 10536029?
7, 53, 4057
What are the prime factors of 168410?
2, 5, 11, 1531
What are the prime factors of 2443348?
2, 610837
What are the prime factors of 1720171?
1720171
What are the prime factors of 23363094?
2, 3, 3893849
What are the prime factors of 2657259?
3, 11, 23, 389
List the prime factors of 2228987.
2228987
List the prime factors of 904549.
31, 29179
What are the prime factors of 7377618?
2, 3, 23, 193, 277
What are the prime factors of 2373261?
3, 11, 71917
What are the prime factors of 39690?
2, 3, 5, 7
List the prime factors of 24154428.
2, 3, 47, 113, 379
What are the prime factors of 538470?
2, 3, 5, 31, 193
What are the prime factors of 76259?
76259
What are the prime factors of 21005855?
5, 13, 24859
List the prime factors of 792098.
2, 17, 23297
List the prime factors of 180720.
2, 3, 5, 251
List the prime factors of 798214.
2, 399107
List the prime factors of 1206911.
643, 1877
What are the prime factors of 12139682?
2, 6069841
List the prime factors of 250400.
2, 5, 313
List the prime factors of 1435962.
2, 3, 11, 21757
List the prime factors of 1313257.
11, 277, 431
List the prime factors of 682686.
2, 3, 17, 23, 97
What are the prime factors of 2673815?
5, 41, 13043
List the prime factors of 560647.
157, 3571
What are the prime factors of 11294560?
2, 5, 73, 967
List the prime factors of 190086.
2, 3, 13, 2437
What are the prime factors of 13952204?
2, 7, 181, 2753
List the prime factors of 2758852.
2, 689713
List the prime factors of 5540583.
3, 1846861
List the prime factors of 1553158.
2, 443, 1753
List the prime factors of 6914339.
6914339
List the prime factors of 2570751.
3, 95213
List the prime factors of 849295.
5, 169859
What are the prime factors of 10934?
2, 7, 11, 71
What are the prime factors of 32058980?
2, 5, 1602949
What are the prime factors of 3585139?
3585139
List the prime factors of 571261.
571261
What are the prime factors of 1280337?
3, 426779
List the prime factors of 1658874.
2, 3, 7, 127, 311
List the prime factors of 1456972.
2, 11, 33113
List the prime factors of 32136315.
3, 5, 19, 112759
What are the prime factors of 1556099?
653, 2383
What are the prime factors of 115012?
2, 28753
List the prime factors of 3579202.
2, 11, 162691
What are the prime factors of 729836?
2, 23, 7933
What are the prime factors of 2830396?
2, 157, 4507
What are the prime factors of 2341268?
2, 585317
What are the prime factors of 3494387?
13, 389, 691
List the prime factors of 637106.
2, 157, 2029
What are the prime factors of 320801?
13, 24677
List the prime factors of 1693306.
2, 23, 131, 281
List the prime factors of 16235659.
11, 109, 1231
List the prime factors of 493881.
3, 164627
What are the prime factors of 355471?
19, 53, 353
List the prime factors of 2674206.
2, 3, 29, 47, 109
What are the prime factors of 6145509?
3, 53, 38651
What ar